{"id":18,"date":"2025-08-06T14:38:11","date_gmt":"2025-08-06T12:38:11","guid":{"rendered":"https:\/\/ecolescommunales.marche.be\/waha\/?page_id=18"},"modified":"2025-08-07T09:06:42","modified_gmt":"2025-08-07T07:06:42","slug":"presentation","status":"publish","type":"page","link":"https:\/\/ecolescommunales.marche.be\/waha\/presentation\/","title":{"rendered":"Pr\u00e9sentation"},"content":{"rendered":"\n<figure class=\"wp-block-image size-large is-resized\"><img loading=\"lazy\" decoding=\"async\" width=\"1024\" height=\"809\" src=\"https:\/\/ecolescommunales.marche.be\/waha\/wp-content\/uploads\/sites\/7\/2025\/08\/Waha-1024x809.jpg\" alt=\"\" class=\"wp-image-28\" style=\"object-fit:cover;width:880px;height:330px\" srcset=\"https:\/\/ecolescommunales.marche.be\/waha\/wp-content\/uploads\/sites\/7\/2025\/08\/Waha-1024x809.jpg 1024w, https:\/\/ecolescommunales.marche.be\/waha\/wp-content\/uploads\/sites\/7\/2025\/08\/Waha-300x237.jpg 300w, https:\/\/ecolescommunales.marche.be\/waha\/wp-content\/uploads\/sites\/7\/2025\/08\/Waha-768x607.jpg 768w, https:\/\/ecolescommunales.marche.be\/waha\/wp-content\/uploads\/sites\/7\/2025\/08\/Waha-1536x1214.jpg 1536w, https:\/\/ecolescommunales.marche.be\/waha\/wp-content\/uploads\/sites\/7\/2025\/08\/Waha.jpg 2048w\" sizes=\"auto, (max-width: 1024px) 100vw, 1024px\" \/><\/figure>\n\n\n\n<h2 class=\"wp-block-heading\"><strong>Organisation et Administration<\/strong><\/h2>\n\n\n\n<p>L\u2019\u00e9cole de Aye-Waha est l\u2019une des 3 \u00e9coles communales fondamentales (r\u00e9unissant le primaire et le maternel) de Marche-en-Famenne.<\/p>\n\n\n\n<p>Le si\u00e8ge administratif (principal) est situ\u00e9 \u00e0 Aye et constitue l\u2019implantation n\u00b0 1 (A). Waha en est l\u2019implantation n\u00b0 2 (B).<\/p>\n\n\n\n<p>L\u2019implantation de Waha comporte 3 classes maternelles et 6 classes primaires.<br><\/p>\n","protected":false},"excerpt":{"rendered":"<p>Organisation et Administration L\u2019\u00e9cole de Aye-Waha est l\u2019une des 3 \u00e9coles communales fondamentales (r\u00e9unissant le primaire et le maternel) de Marche-en-Famenne. Le si\u00e8ge administratif (principal) est situ\u00e9 \u00e0 Aye et &hellip; <\/p>\n","protected":false},"author":2,"featured_media":0,"parent":0,"menu_order":0,"comment_status":"closed","ping_status":"closed","template":"","meta":{"inline_featured_image":false,"footnotes":""},"class_list":["post-18","page","type-page","status-publish","hentry"],"_links":{"self":[{"href":"https:\/\/ecolescommunales.marche.be\/waha\/wp-json\/wp\/v2\/pages\/18","targetHints":{"allow":["GET"]}}],"collection":[{"href":"https:\/\/ecolescommunales.marche.be\/waha\/wp-json\/wp\/v2\/pages"}],"about":[{"href":"https:\/\/ecolescommunales.marche.be\/waha\/wp-json\/wp\/v2\/types\/page"}],"author":[{"embeddable":true,"href":"https:\/\/ecolescommunales.marche.be\/waha\/wp-json\/wp\/v2\/users\/2"}],"replies":[{"embeddable":true,"href":"https:\/\/ecolescommunales.marche.be\/waha\/wp-json\/wp\/v2\/comments?post=18"}],"version-history":[{"count":0,"href":"https:\/\/ecolescommunales.marche.be\/waha\/wp-json\/wp\/v2\/pages\/18\/revisions"}],"wp:attachment":[{"href":"https:\/\/ecolescommunales.marche.be\/waha\/wp-json\/wp\/v2\/media?parent=18"}],"curies":[{"name":"wp","href":"https:\/\/api.w.org\/{rel}","templated":true}]}}

Présentation

<figure class="wp-block-image size-large is-resized"><img loading="lazy" decoding="async" width="1024" height="809" src="https://ecolescommunales.marche.be/waha/wp-content/uploads/sites/7/2025/08/Waha-1024x809.jpg" alt="" class="wp-image-28" style="object-fit:cover;width:880px;height:330px" srcset="https://ecolescommunales.marche.be/waha/wp-content/uploads/sites/7/2025/08/Waha-1024x809.jpg 1024w, https://ecolescommunales.marche.be/waha/wp-content/uploads/sites/7/2025/08/Waha-300x237.jpg 300w, https://ecolescommunales.marche.be/waha/wp-content/uploads/sites/7/2025/08/Waha-768x607.jpg 768w, https://ecolescommunales.marche.be/waha/wp-content/uploads/sites/7/2025/08/Waha-1536x1214.jpg 1536w, https://ecolescommunales.marche.be/waha/wp-content/uploads/sites/7/2025/08/Waha.jpg 2048w" sizes="auto, (max-width: 1024px) 100vw, 1024px" /></figure>



<h2 class="wp-block-heading"><strong>Organisation et Administration</strong></h2>



<p>L’école de Aye-Waha est l’une des 3 écoles communales fondamentales (réunissant le primaire et le maternel) de Marche-en-Famenne.</p>



<p>Le siège administratif (principal) est situé à Aye et constitue l’implantation n° 1 (A). Waha en est l’implantation n° 2 (B).</p>



<p>L’implantation de Waha comporte 3 classes maternelles et 6 classes primaires.<br></p>

<p>Organisation et Administration L’école de Aye-Waha est l’une des 3 écoles communales fondamentales (réunissant le primaire et le maternel) de Marche-en-Famenne. Le siège administratif (principal) est situé à Aye et &hellip; </p>
